etermine l(t).
2
Let h(b) = -b**2 + 6*b - 5. Suppose -2 = c + 3*f, 5*c = 5*f + 5 + 25. Determine h(c).
3
Let c(v) = -v**3 - 8*v**2 - 10*v + 5. Let l(y) = -y. Let s(d) = -c(d) + 3*l(d). Let j be s(-7). Let a(h) = 6*h**2 + h**3 + 0 + 1 + h - h**2. Calculate a(j).
-4
Let m(g) = -g**2 - g - 1. Let i(s) = 3*s**2 + s + 3. Let t(v) = i(v) + 2*m(v). Calculate t(-2).
7
Suppose 3*b - 4*c + 8 = 0, -2*b - c + 14 = 1. Suppose n = 3*n - b. Let s(l) = 3*l - l**2 - 3 + n + 5 - l**2. What is s(3)?
-5
Let j(f) = f + 8*f - 5*f. Let z be 3/2*(-2)/3. Calculate j(z).
-4
Let m(r) = -r + 3. Let d(z) = z**2 - 4*z + 3. Let w be d(4). Let v = w - 3. Calculate m(v).
3
Let p be 38/(-8) + (-6)/24. Let k(o) be the third derivative of -o**4/24 - 7*o**3/6 + o**2. Let f(s) = -s - 6. Let g(m) = p*k(m) + 6*f(m). Calculate g(-1).
0
Let j(g) be the third derivative of g**7/840 + g**6/90 + g**5/60 + g**4/12 + g**3/2 + g**2. Let t(a) be the first derivative of j(a). Determine t(-3).
5
Let t(m) = -2*m - 2. Let f be 2*3/(-18)*-9. Suppose 0 = -f*n - 2*l - 10, -3*l = 3*n + 7 + 5. Determine t(n).
2
Let n be (12/10)/(12/40). Suppose -p = -3*u + 5, n*p + 2 = 3*u - 0*p. Suppose -3 = -u*q + 3*q. Let w(z) = z**3 + 2*z**2 - 3*z. Determine w(q).
0
Suppose -28 + 11 = -i + 5*n, -3*i = 2*n. Let k(t) = i*t**2 + 4 - 6*t - t**2 - t**2 - t**2. Calculate k(-5).
9
Let l(r) = -2*r - 8. Let z(y) = -4*y + 18. Let h be z(6). Give l(h).
4
Let n(a) be the third derivative of 1/4*a**4 + 0*a - 1/15*a**5 - 1/120*a**6 + 3*a**2 + 7/6*a**3 + 0. Give n(-5).
2
Let a(y) be the first derivative of -7*y**4/4 + y**3/3 - y**2/2 + 4. Determine a(1).
-7
Let n(l) be the second derivative of -l**5/2 - l**2/2 + 2*l. Let w = -2 - -1. Let b be -3 - (-1 + w - 0). Give n(b).
9
Let g(h) = h + 6. Let q be 4 + -5 + 8/(-4). Calculate g(q).
3
Let o(p) be the first derivative of 0*p**2 + 5/24*p**4 - 2/3*p**3 + 0*p - 1/40*p**5 - 1. Let h(d) be the third derivative of o(d). Calculate h(5).
-10
Let x(h) = 8*h**3 - h**2 + 10*h + 26. Let y(m) = -3*m**3 - 3*m - 9. Let z(d) = 4*x(d) + 11*y(d). Let k(i) = -2*i**2 + 15*i + 22. Let j be k(9). Give z(j).
-5
Let l(t) = -t**3 - 6*t**2 + 5. Let v be l(-6). Let m(h) = v*h - 3*h**2 - 1 + 7*h**2 - 3*h**2. Suppose 4*z - z = 3*r - 12, 0 = 5*z - r + 24. What is m(z)?
-1
Let g(c) = c**3 + 5*c**2 - 8*c - 7. Suppose 4*v - 1 = -25. Determine g(v).
5
Let s(w) be the second derivative of w**3/3 - w**2/2 - 20*w. Calculate s(4).
7
Let p(b) = b**2 + 3*b + 3. Let h(q) = q**2 + 2*q + 3. Let a(w) = -3*h(w) + 4*p(w). Let s be 12/(-48) + 15/(-4). Determine a(s).
-5
Suppose 0 = -2*b - 10 - 0. Let i = b - -1. Let n(t) = -5*t - 4*t**2 + 0*t + 3*t**2 - 6. Calculate n(i).
-2
Let d(h) = h**2 - 6*h - 4. Suppose 4*g - 26 + 2 = 0. Determine d(g).
-4
Let c(s) be the third derivative of -s**6/120 - s**5/12 + s**4/3 + 5*s**3/6 + 38*s**2. Determine c(-6).
-7
Let c(j) = -3*j + 2*j**2 - 4 + j**3 + 7 + 2*j. Calculate c(-3).
-3
Let m(x) be the second derivative of -x**4/12 - x**3/6 - x**2 + x. Let q = 9 - 6. Suppose 7 + q = -5*w. Calculate m(w).
-4
Let g(d) = -d**2 + d - 1. Let q(z) be the third derivative of 1/30*z**5 + 0 - 1/2*z**3 - 2*z**2 + 0*z + 0*z**4. Let k(l) = 2*g(l) - q(l). Calculate k(2).
-11
Let y(o) = o**3 + 2*o**2 - o + 9. Let q(w) = -2*w**3 - 3*w**2 + w - 10. Let f(d) = 2*q(d) + 3*y(d). Give f(0).
7
Let w(m) = 5*m**2 + 10*m + 1. Let p(k) = -6*k**2 - 11*k - 1. Let i be (15/(-3))/(1/(-2)). Suppose -i = b - 5. Let n(y) = b*w(y) - 4*p(y). Determine n(-5).
4
Let u(s) = -3*s**3 - 4*s**2 - 2*s + 128 - 125 + 4*s**3. What is u(3)?
-12
Suppose w = -w. Suppose 4*k = 4*u, -u = -4*k - w + 3. Let h(y) = y - 1. Calculate h(u).
0
Let n(l) be the first derivative of -l**3/3 + l**2/2 + 2*l - 3. Let s be 2/7 - 24/(-14). Suppose -2*i = -5*y + 13 - 33, -s*y = 4*i + 8. Calculate n(i).
2
Suppose -3*y - 12 = -7*y. Let f(i) be the first derivative of i**3/3 + i**2/2 + 3*i + 47. Determine f(y).
15
Let s be (4/(-10))/((-20)/200). Let k(h) = -h**3 + 5*h**2 - 4*h - 1. What is k(s)?
-1
Let m(h) = -h - 14. Suppose 0*a + 3*a + 26 = 5*d, 5*a + 4*d = -68. Let t be m(a). Let n(v) = v**2 + v + 2. Determine n(t).
4
Let c(j) be the third derivative of j**6/120 - j**5/12 + j**4/6 + 2*j**3/3 + 5*j**2. What is c(4)?
4
Suppose 2*q + 5*t - 47 + 16 = 0, 2*q - 16 = -2*t. Let j(o) = q*o + 5 - 5 + 0 - 3. Determine j(6).
15
Let l = -5 + 10. Let p(c) = -c**2 + 8*c - 4. Determine p(l).
11
Let f(k) = -k**2 + 6*k - 1. Let p be (8/(-20))/(-1)*10. Give f(p).
7
Suppose -4*u = -3*u + 5*y - 3, 0 = 5*u + y + 9. Let i be (-18)/12*3*2. Let z(t) = -11*t - 11. Let h(o) = 5*o + 5. Let p(l) = i*h(l) - 4*z(l). Determine p(u).
1
Let z(v) = v**2 + 6*v - 5. Let m be z(-7). Suppose -5*h = -5*f - 20, -m*f + 2 = 2*h - f. Let x(t) = t - t - 4 + h*t + 0*t. Give x(-3).
-10
Let f(y) = -y**3 + 2*y**2 - 3*y. Suppose 6 = 2*i - 8. Let o = i - 5. Calculate f(o).
-6
Let i = 3 - 3. Suppose i = -2*x + 5*x. Let l(n) = -n + 12. Calculate l(x).
12
Suppose -2*s + 6*s + 7 = 3*g, 2*g - 10 = 0. Let j(n) = -8 + 6*n**2 - s*n**3 + 2*n + 1 - 2*n**3 + 5*n**3. Calculate j(-5).
8
Let f(s) = s + 2. Let b(a) = -a**2 + 5*a - 6. Suppose -2*v = 4*x - 12, 0 = v + 3*v + 16. Let c be b(x). Determine f(c).
-4
Let h(i) = -3*i**2 + 1 - 5*i + 4*i**2 + 3. Determine h(4).
0
Let r(d) = -d**2 - 3*d**3 + 1 - 7*d**3 + 0. Suppose -a + 5*s - 10 = 0, -4*a + 5*a = -2*s + 4. Suppose v + 12 = 3*v - 5*x, a = 2*v + x. Give r(v).
-10
Let j = -87 - -84. Let a(m) = m**2 + m + 2. What is a(j)?
8
Suppose -5*y = -6 - 14. Let m(i) = -i - 1. Determine m(y).
-5
Let v(t) = 2*t + 7. Let j be 55/(-15) - (-4)/6. Let o be (j + 2 - 1) + 7. Suppose l + 5 = -4*l + o*p, -2*l - p - 14 = 0. Calculate v(l).
-3
Let y(l) = 16*l - 12. Let z(o) = 4*o - 3. Let u(n) = -2*y(n) + 9*z(n). Suppose 3*t + 5*j = 2*j + 12, 5*t - 4 = 3*j. Give u(t).
5
Let g(z) = -z + 1. Let t(m) = 2*m - 3. Let n(l) = 8*g(l) + 3*t(l). Give n(1).
-3
Let h(v) = -4*v - 4. Let f(r) = 5*r + 5. Let s(k) = 3*f(k) + 4*h(k). What is s(-2)?
1
Let u(n) = n**3 + 3*n**2 - 2. Let y = -2 + 4. Let v be -4 + 3 + (-4)/y. What is u(v)?
-2
Suppose z + 0 - 6 = -k, -4*k + 18 = 2*z. Let p(s) = s**2 - 4*s - 1. What is p(k)?
-4
Let a(l) = -l**2 + 29*l + 33. Let j be a(30). Let p(r) be the second derivative of 0*r**2 + 0 + 1/3*r**j + 2*r. Calculate p(1).
2
Let c(n) = n**2 + 2*n + 1. Suppose -2*w + w - 2 = 0. Let j be (-18)/15 + (-1)/(-5). Let g = w + j. Calculate c(g).
4
Suppose 0 = -0*x + 5*x - 10. Let t = 7 + -7. Let y(n) = t*n + x - 3*n + 4*n. Give y(-3).
-1
Let k(i) = i**2 + 3*i - 6. Let p be k(-5). Suppose 4*z - 31 = -4*u + 1, -4*z = 3*u - 29. Let w(b) = u - 2*b + 2 + 1. Calculate w(p).
-2
Let p(g) be the first derivative of g**3/3 + g**2 + 4. Give p(-2).
0
Let g(z) = -z**2 + 8*z - 3. Let u(v) = v**2 - 8*v + 4. Let w(y) = 5*g(y) + 6*u(y). Give w(7).
2
Let x be ((-4)/(-1))/(-2)*-2. Let i(k) = -k**2 + 4*k - 6. Give i(x).
-6
Let v be ((-8)/10)/((-2)/5). Let k(f) be the third derivative of f**5/30 + f**4/12 - f**3/2 + 17*f**2. Give k(v).
9
Suppose -4*o - 30 = -2*h, -2*h - 3*o = -0*h - 2. Let f = 7 + -7. Suppose f = -h*t + 2*t. Let j(l) = l**2 + l - 4. Determine j(t).
-4
Let h(r) = r**2 + 5*r + 1. Let l(w) = w**3 + 3*w**2 - 3*w - 3. Let x be l(-3). Suppose 4*o = 3*o - x. Let i = -10 - o. Determine h(i).
-3
Let w be -1*1*(-22)/11. Let i(s) = -2*s**2 + 3*s - 1. Determine i(w).
-3
Let o(f) = f**3 - 21*f**2 + 21*f - 19. Let r be o(20). Let a(p) = 9*p**2 - p + 1. What is a(r)?
9
Suppose -h - 3*i = -i + 6, -5*h - 8 = -i. Let l(z) = -4*z**3 + 2*z**2 + 6*z. Let w(f) = -11*f**3 + 6*f**2 + 17*f. Let j(p) = -8*l(p) + 3*w(p). Calculate j(h).
10
Let p(u) be the third derivative of -u**4/24 - u**3/3 - 44*u**2. What is p(-3)?
1
Let p(d) = -7*d - 3. Let z(o) = 15*o + 5. Let v(y) = 13*p(y) + 6*z(y). Let w = -1 - -1. Determine v(w).
-9
Let b(o) = 0 + o**3 + 1 - 2*o**2 - 3*o - 6 + 4. Determine b(3).
-1
Let b(j) = -j**2 + j + 5. Let h(w) = w**3 + 6*w**2 + 5*w + 1. Let p be h(-5). Suppose -p = -3*c - 10. Let x = 3 + c. Calculate b(x).
5
Let o = 23 - 15. Suppose -3*w + 2*q + 20 = -0*q, q + o = w. Let l(r) = -2*r**2 + 6*r. What is l(w)?
-8
Let d(y) = -40*y - 24. Let j(b) = -8*b - 5. Let w(c) = 5*d(c) - 24*j(c). Let z be 6/8 - (-2)/8. Calculate w(z).
-8
Let p(x) be the second derivative of 1/3*x**3 + 3*x + 0 + 1/2*x**2. Suppose 5*w - w + 1